 common factor of 20 and 20?
20
Calculate the greatest common factor of 12720 and 240.
240
Calculate the highest common factor of 1222 and 47.
47
What is the highest common factor of 72 and 3204?
36
What is the highest common factor of 13 and 377?
13
What is the highest common divisor of 18840 and 12?
12
What is the highest common divisor of 1440 and 9270?
90
What is the highest common factor of 1347 and 6?
3
What is the greatest common divisor of 1359 and 9?
9
Calculate the highest common factor of 51 and 1700.
17
Calculate the greatest common factor of 10 and 22.
2
What is the highest common factor of 129 and 17200?
43
Calculate the greatest common factor of 3 and 24.
3
Calculate the greatest common divisor of 5 and 300.
5
What is the highest common divisor of 376 and 8?
8
Calculate the highest common divisor of 108 and 729.
27
Calculate the greatest common divisor of 675 and 25.
25
Calculate the highest common divisor of 110 and 715.
55
Calculate the highest common divisor of 80 and 2780.
20
Calculate the highest common factor of 12 and 4476.
12
What is the highest common divisor of 368 and 3358?
46
Calculate the greatest common factor of 114 and 9082.
38
What is the greatest common divisor of 112 and 154?
14
What is the highest common factor of 200 and 2640?
40
Calculate the highest common factor of 15205 and 10.
5
Calculate the highest common divisor of 221 and 104.
13
What is the greatest common divisor of 96 and 7080?
24
What is the greatest common factor of 2040 and 1320?
120
Calculate the highest common factor of 45 and 750.
15
What is the highest common factor of 54 and 60?
6
What is the highest common factor of 9 and 7503?
3
Calculate the highest common factor of 952 and 616.
56
What is the highest common divisor of 670 and 130?
10
Calculate the greatest common factor of 36 and 204.
12
Calculate the highest common divisor of 170 and 2295.
85
Calculate the greatest common factor of 226 and 1017.
113
Calculate the highest common divisor of 110 and 2.
2
What is the highest common divisor of 150 and 1290?
30
What is the highest common factor of 24 and 576?
24
Calculate the highest common factor of 6 and 22.
2
Calculate the greatest common factor of 371 and 7.
7
Calculate the greatest common factor of 41 and 1517.
41
Calculate the greatest common factor of 1575 and 462.
21
Calculate the greatest common divisor of 99 and 1431.
9
What is the highest common factor of 174 and 6?
6
Calculate the greatest common divisor of 78 and 120.
6
Calculate the highest common divisor of 73 and 1.
1
Calculate the greatest common divisor of 384 and 13952.
128
Calculate the highest common factor of 1295 and 6845.
185
What is the greatest common divisor of 80 and 3280?
80
Calculate the highest common divisor of 765 and 17.
17
What is the highest common divisor of 11 and 99?
11
What is the highest common factor of 8094 and 912?
114
What is the highest common factor of 2250 and 18?
18
What is the highest common divisor of 2737 and 91?
7
What is the greatest common factor of 4506 and 6?
6
What is the greatest common factor of 1626 and 6?
6
Calculate the highest common divisor of 23 and 20309.
23
What is the highest common factor of 263 and 1?
1
Calculate the greatest common divisor of 15 and 375.
15
What is the highest common divisor of 4688 and 32?
16
Calculate the highest common factor of 341 and 2541.
11
Calculate the greatest common divisor of 1700 and 28.
4
Calculate the greatest common factor of 61 and 61.
61
Calculate the highest common divisor of 19 and 437.
19
What is the greatest common divisor of 42 and 24?
6
What is the greatest common divisor of 1782 and 22?
22
Calculate the greatest common divisor of 23 and 1403.
23
What is the highest common divisor of 30 and 1542?
6
Calculate the greatest common divisor of 54 and 18414.
54
What is the highest common factor of 192 and 10?
2
Calculate the highest common divisor of 3200 and 1152.
128
Calculate the highest common divisor of 1342 and 88.
22
What is the greatest common divisor of 1 and 193?
1
Calculate the greatest common factor of 3965 and 61.
61
What is the highest common divisor of 2 and 127?
1
What is the highest common divisor of 12 and 33?
3
Calculate the greatest common divisor of 6939 and 9.
9
Calculate the greatest common factor of 25 and 3000.
25
What is the highest common factor of 3 and 6189?
3
What is the highest common divisor of 40 and 10100?
20
What is the greatest common factor of 44 and 572?
44
What is the highest common factor of 8 and 968?
8
What is the greatest common divisor of 285 and 684?
57
What is the highest common divisor of 253 and 4?
1
Calculate the highest common divisor of 20 and 8.
4
What is the greatest common divisor of 466 and 2?
2
What is the highest common divisor of 8344 and 112?
56
What is the greatest common divisor of 20 and 8?
4
What is the highest common factor of 2304 and 36?
36
What is the greatest common divisor of 4956 and 2?
2
Calculate the greatest common divisor of 275 and 150.
25
What is the greatest common divisor of 200 and 70?
10
Calculate the greatest common factor of 12013 and 164.
41
What is the highest common divisor of 689 and 169?
13
What is the greatest common divisor of 1608 and 24?
24
What is the highest common factor of 4 and 197?
1
Calculate the greatest common divisor of 22 and 24.
2
Calculate the greatest common divisor of 688 and 16.
16
Calculate the highest common factor of 4035 and 30.
15
What is the greatest common factor of 1826 and 22?
22
Calculate the highest common divisor of 26 and 19.
1
What is the highest common divisor of 16 and 324?
4
What is the highest common divisor of 222 and 282?
6
What is the highest common factor of 1824 and 192?
96
What is the highest common factor of 4 and 31?
1
Calculate the greatest common factor of 106 and 159.
53
Calculate the highest common factor of 88 and 748.
44
What is the highest common factor of 3283 and 35?
7
Calculate the greatest common divisor of 48 and 912.
48
Calculate the highest common factor of 32 and 32.
32
What is the highest common factor of 80 and 220?
20
What is the highest common factor of 16 and 92?
4
What is the highest common divisor of 40 and 110?
10
What is the greatest common divisor of 34 and 238?
34
What is the highest common divisor of 6 and 1146?
6
What is the greatest common factor of 1952 and 32?
32
Calculate the greatest common divisor of 1195 and 2629.
239
Calculate the greatest common divisor of 553 and 474.
79
What is the highest common divisor of 66 and 24?
6
What is the greatest common divisor of 360 and 42?
6
What is the highest common divisor of 24 and 114?
6
What is the greatest common factor of 6 and 58?
2
Calculate the highest common factor of 51 and 833.
17
Calculate the highest common divisor of 48 and 912.
48
Calculate the greatest common factor of 68 and 144.
4
Calculate the highest common divisor of 2295 and 34.
17
What is the greatest common divisor of 116 and 551?
29
Calculate the highest common divisor of 121 and 297.
11
What is the highest common factor of 9417 and 438?
219
What is the greatest common factor of 6816 and 144?
48
Calculate the greatest common factor of 207 and 3.
3
What is the greatest common factor of 34 and 986?
34
Calculate the highest common divisor of 135 and 705.
15
Calculate the highest common factor of 145 and 5.
5
Calculate the greatest common divisor of 74 and 185.
37
Calculate the greatest common factor of 26 and 4654.
26
Calculate the highest common divisor of 98 and 7.
7
Calculate the highest common factor of 5056 and 64.
64
What is the greatest common divisor of 11 and 396?
11
Calculate the highest common divisor of 22 and 8.
2
What is the highest common factor of 1310 and 30?
10
What is the greatest common divisor of 8 and 12?
4
What is the highest common factor of 50 and 190?
10
Calculate the highest common divisor of 119 and 28.
7
Calculate the highest common divisor of 351 and 26.
13
Calculate the highest common divisor of 20 and 490.
10
Calculate the greatest common factor of 5 and 155.
5
Calculate the highest common factor of 36 and 162.
18
What is the greatest common divisor of 4069 and 13?
13
Calculate the greatest common divisor of 48 and 42.
6
Calculate the highest common divisor of 154 and 5918.